+ (-1)/3. Let h be 3*(8/6 - b). Suppose h*x = -2*l + 20, -3*l = x + 4*x - 24. What are the prime factors of x?
2, 3
Let c(s) = 2*s**2 + 9*s - 25. What are the prime factors of c(8)?
5, 7
Let v = -37 - -105. What are the prime factors of v?
2, 17
Let v(f) = -f**3 + 10*f**2 - 7*f + 12. What are the prime factors of v(9)?
2, 3, 5
Let h(s) = -21*s**2 + s - 1. Let m be h(1). Let j be 6/(-4)*(-14)/m. What are the prime factors of j - -1*(6 + 0)?
5
Suppose -74 = -5*g - 0*g + 3*w, -5*w = -4*g + 54. What are the prime factors of g?
2
What are the prime factors of (-3)/(((-1)/2)/((-278)/(-6)))?
2, 139
Let y be ((-12)/9)/((-6)/9). Suppose 8 = y*p, 3*p - 4*p = -3*r + 32. List the prime factors of r.
2, 3
Suppose 2*a - 536 = -2*f + 6*a, -a + 1340 = 5*f. Suppose -3*r = 5*c - f, -2*r - 2*r - 16 = 0. What are the prime factors of c?
2, 7
Suppose 18 = 5*o - 7. Suppose -4*j = 3*y - 21 - 7, j = 4. Suppose i - 13 = -o*l + 26, -y*l = 2*i - 36. What are the prime factors of l?
7
Let d(p) = 10*p - 3. Suppose -2*n + 18 = -5*n + 3*b, -n + 9 = -4*b. Let m = -9 - n. What are the prime factors of d(m)?
17
Suppose 0 = -4*z - 3*w + 681, -3*z + 4*z - 153 = 5*w. List the prime factors of z.
2, 3, 7
Let o(b) = -3 - 1 + b + b - 5. What are the prime factors of o(9)?
3
Let u = -12 - -14. Let x(d) = d**3 + 3*d**2 - d + 1. List the prime factors of x(u).
19
Let r = -5 - -10. List the prime factors of r*(1 + (-16)/(-20)).
3
Let a(s) = 8*s**2 - s - 1. Let d(c) = c**2 + 11*c + 1. Let g(z) = 3*z**2 + 23*z + 2. Let v(h) = -5*d(h) + 2*g(h). Let x be v(9). List the prime factors of a(x).
2
Let b = -73 + 157. Suppose -4*z = 5*i - 185, -3*i + b = -2*z - z. What are the prime factors of i?
3, 11
Let j be -3*(-1)/(-2)*-2. Suppose -4*r - 5*c = 2, 3*r + 2*c + j - 5 = 0. List the prime factors of r.
2
Let g(s) = -5*s - 54. List the prime factors of g(-17).
31
Let z(s) = 4*s + 2. Let j be z(-2). List the prime factors of (j/(-15) + 0)*115.
2, 23
Suppose 0 = -5*u - o + 61, -u - 2*o = u - 26. Suppose -3*g + 5*w + 30 = -27, -4*w - u = 0. Let i = g - 4. List the prime factors of i.
2, 5
Let k be ((-2)/3)/((-12)/90). Suppose 3*c = 17 - k. List the prime factors of c.
2
Let k be (-14)/(-6) + (-1)/3. Let l be (-6)/((30/(-4))/5). Suppose 2*s - 16 = -l*z, -5*s = -k*z - 0*z - 40. List the prime factors of s.
2
Suppose 585 = 4*g + 4*j + 41, 0 = -2*g - 3*j + 268. What are the prime factors of g?
2, 5, 7
Let n(m) = -m**3 - 3*m**2 + 6*m - 10. What are the prime factors of n(-6)?
2, 31
Let i(q) = 5*q + 11. What are the prime factors of i(6)?
41
Let z be 1 - (2 - (0 - 0)). Let d = z - -6. Suppose -2*b = -d - 1. List the prime factors of b.
3
Let z = 10 + -5. Suppose -3*q + 25 = 5*u, z*q - 35 = -0*u - 5*u. List the prime factors of q.
5
Let c be 1*(-4 + 1 + 6). What are the prime factors of (-11)/(-3)*c/1?
11
Let t(o) = o**2 - 1. Let p be t(-2). Suppose p*r - 62 = r. List the prime factors of r.
31
Let l(i) = 3*i + 3. List the prime factors of l(8).
3
Suppose -3 = 4*j - 15. Suppose -j = -l - 4*c, -4*l + 40 = -0*l + 2*c. List the prime factors of l.
11
Let y = -31 + 76. Suppose 2*i + y = 4*m - 41, -5*m + 3*i + 107 = 0. What are the prime factors of m?
2, 11
Suppose 3*o - 3*h = -5 + 23, 4 = 4*o + h. Suppose -g + 2*g = o*c + 6, -2*g + 5*c = -14. List the prime factors of g.
2
Let s(x) = -6 + 3*x**2 - 3*x + x**2 + 3. What are the prime factors of s(-2)?
19
Let j(z) = 7*z - 19. Let i(g) = 6*g - 18. Let q(w) = -6*i(w) + 5*j(w). List the prime factors of q(7).
2, 3
Let q(h) = -h**3 - 4*h**2 - 4*h - 2. Let d be q(-3). List the prime factors of (1 - d - -1) + 12.
13
Suppose 0 = 3*m - 7*m. Suppose m = -4*r - c + 44, 17 + 16 = 3*r - 4*c. What are the prime factors of r?
11
Let t be 3 - 3 - -3 - -2. Let q = 17 - t. List the prime factors of q.
2, 3
Suppose -m + 16 = -4*s, m + 1 + 3 = 0. Let j be 9*-1*s/(-15). Let f = j - -5. What are the prime factors of f?
2
Let p(b) = -b + 0*b - 4 - 4*b - b**2. Let i be p(-4). Suppose -4*q - 2*y = -i*y - 50, -5*q = -4*y - 43. List the prime factors of q.
11
Let y = -11 + 13. What are the prime factors of y?
2
Let f = -31 - -59. What are the prime factors of f?
2, 7
Let o(a) = -20*a - 3. Let d be o(-3). Suppose 5*j + t = d, 0*t - 8 = -4*t. List the prime factors of j.
11
Suppose -20 = -4*j - 4*s, -3*j + 0 + 10 = -2*s. Suppose j*n - 15 = -3. Suppose -m = -3 - n. What are the prime factors of m?
2, 3
Let g(f) be the second derivative of -f**5/20 - 5*f**4/12 + 2*f**3/3 + 3*f**2 + 3*f. What are the prime factors of g(-6)?
2, 3
Let u(n) = 3*n**2 - 2*n + 1. Suppose 8 = -5*t + 18. Suppose -o = -3*o + t. What are the prime factors of u(o)?
2
Let y = 18 - 9. Suppose 2*q = -3*q + 4*f, 4*q + y = 5*f. What are the prime factors of q?
2
Let s(g) be the first derivative of 2*g**2 - 4*g + 1. List the prime factors of s(4).
2, 3
Suppose -4*p = 5*l - 133, -l - 117 = -4*p - 14. What are the prime factors of p?
3
Let i be (24/(-10))/(6/80). Let t = -16 + 62. Let l = t + i. List the prime factors of l.
2, 7
Suppose -4*m + 372 = -4*d, d - 1 = 2. What are the prime factors of m?
2, 3
Let g(i) = -i**3 + 3*i**2 + i - 2. Let u be g(3). Let d(s) = -9 - s**2 + u - 10*s - 1. What are the prime factors of d(-7)?
2, 3
Let q = 260 + -166. What are the prime factors of q?
2, 47
List the prime factors of 6/36 - (-467)/6.
2, 3, 13
Let v = -31 - -175. List the prime factors of v.
2, 3
Let w(u) = u**2 - 3*u + 4. Let p be w(3). Suppose -24 = -p*b + 2*j, 12 = 4*b - j + 2*j. What are the prime factors of 4/(-3)*(-6)/b?
2
Let c be 304/(-20) - 2/(-10). What are the prime factors of 36 + (-5)/(c/(-6))?
2, 17
Suppose 0 = 2*d - 4*s - 5 + 21, 0 = -5*d - 2*s - 40. Let v = 39 + -18. Let n = d + v. What are the prime factors of n?
13
Let k(y) = -y**3 - 12*y**2 - 11*y + 7. Let m be k(-11). Suppose m - 2 = d. List the prime factors of d.
5
Let l(j) = 100*j + 2. What are the prime factors of l(1)?
2, 3, 17
Suppose 12 = -0*v - 3*v. List the prime factors of 27/3 - v/4.
2, 5
Let z = 10 - -4. List the prime factors of z.
2, 7
Suppose -12*t = -633 - 51. List the prime factors of t.
3, 19
Let u = 24 - 11. Let f = -9 + u. Suppose -f*a = -0*a - 8. What are the prime factors of a?
2
Let a = 20 + -8. Let f(p) = p**2 - 10*p - 1. List the prime factors of f(a).
23
Let t(d) = 3*d. List the prime factors of t(11).
3, 11
Let p = -87 - -160. Suppose -17 - p = -5*a. What are the prime factors of a?
2, 3
Suppose -5*s = -5*l - 40, -5*l + 3*s - 40 = 2*s. Let b = l + 14. List the prime factors of b.
2, 3
Let d(s) = s**2 + 2*s - 2. Let k be d(-4). Let h = k - 9. What are the prime factors of 4/3 - 2/h?
2
Suppose -4*k = 4*g - 568, -4*k - 3*g + 2*g = -580. What are the prime factors of k?
2, 73
Let s = 196 - 107. List the prime factors of s.
89
Let a(b) = -3*b**3 - 3*b**2 - 3*b + 6. List the prime factors of a(-5).
3, 107
Let f(m) = m**3 - 9*m**2 - 10*m + 14. Let z be (20 - (3 - 3))/2. List the prime factors of f(z).
2, 7
Let k be (-373)/(-7) - (-6)/(-21). Suppose -12 = -5*x + k. List the prime factors of x.
13
Suppose x - 18 = -3*x + 2*g, x - 3*g - 17 = 0. Suppose -x*d + 5*v + 10 = 0, -5*d + 0*v + 83 = 2*v. List the prime factors of d.
3, 5
Let d = -2 - -3. Suppose f = 3*y + 3, 3*f + y - d = 2*y. Suppose f = 3*w - 10 - 41. List the prime factors of w.
17
Let z = 352 + -133. What are the prime factors of z?
3, 73
Suppose i + 132 = 3*i. Suppose h - 5 + 2 = 0. Suppose 0 = h*j - 0*j - i. List the prime factors of j.
2, 11
Suppose -33 = -p - 7. List the prime factors of p.
2, 13
Suppose 5*h + 0*i - 5*i - 565 = 0, 0 = 2*h - i - 231. List the prime factors of h.
2, 59
Suppose -8*l = -10*l + 460. Suppose l = 4*a + 62. List the prime factors of a.
2, 3, 7
Let c be (8/10)/((-2)/(-5)). Suppose -3*s = 3*l - 5 - 1, 4*s = c*l - 16. What are the prime factors of (1/s)/((-3)/36)?
2, 3
Suppose 0 = -2*t + 2*m + 160, 2*t + 2*t - 319 = 3*m. What are the prime factors of t?
79
Let f(k) = -2*k + 15. Let c be f(-5). Suppose b - 70 = -b - 4*v, 5*v + 79 = 2*b. Let u = b - c. List the prime factors of u.
2, 3
Suppose -5*b = -10*b + 90. Let d = 15 + -10. Suppose a - 3*a = 2*l, -b = -a + d*l. List the prime factors of a.
3
Suppose -5*j - 5*l = -335, -4*j + 0*j - 5*l + 263 = 0. What are the prime factors of j?
2, 3
List the prime factors of (-248)/(-4)*1/2.
31
Let p be 4/10 - 116/(-1